**2 - l - 2. Suppose 0 = 8*x - 4*x - 160. Let a = x - 5. What is the remainder when a is divided by q(-4)?
17
What is the remainder when 172*(-2)/(-12)*12/8 is divided by 15?
13
Suppose -6*q + 357 = q. What is the remainder when q is divided by 18?
15
Let q(g) = -6*g - 33. Let f(a) = 12*a**2 + a - 1. What is the remainder when q(-9) is divided by f(1)?
9
Let o(q) = -q**3 + 14*q**2 + 16*q - 5. Calculate the remainder when 45 is divided by o(15).
5
Suppose 5*s - 35 - 9 = -4*l, -4*s + 2*l + 56 = 0. Calculate the remainder when 81 is divided by s.
9
Let z be 2/4 + 3/2. Suppose z*y + 3*j = -17, -2*j + 5 = 4*y + 35. What is the remainder when 33 is divided by (-121)/y - (-6)/(-21)?
16
Suppose k - 68 - 32 = 0. Suppose 4*i - 88 = -i + t, 5*i - k = 5*t. Calculate the remainder when i is divided by 5.
2
Suppose -64 = 2*n - 6*n. Let o = 108 - 46. What is the remainder when o is divided by n?
14
What is the remainder when 115 is divided by (-36)/24*-1*6?
7
Let j = -26 - -28. What is the remainder when 5 is divided by j?
1
Suppose 92 = 4*p + 7*s - 8*s, s + 68 = 3*p. Let c = 3 + 91. What is the remainder when c is divided by p?
22
Let d = 119 - 111. Calculate the remainder when 38 is divided by d.
6
Suppose 0 = -3*g + 16 - 88. Let p = g - -25. What is the remainder when 3 is divided by p?
0
Suppose -3*g = -0*g + 6. Let w = -17 - -38. What is the remainder when w is divided by g*(0 + 22/(-4))?
10
Let q(g) = g**3 - g**2 - g - 4. Suppose 28*z + 57 = 31*z. Calculate the remainder when z is divided by q(3).
8
Let w be 1*-2*(-3)/(-2). Let r be (-3 - (w + 1))*2. Calculate the remainder when 1 + (16 - 1*r) is divided by 7.
5
Let m be -1 - (-14)/(-2) - -2. Suppose -8 = -4*x + 8. Calculate the remainder when m/(-9) + (-28)/(-3) is divided by x.
2
Calculate the remainder when ((-44)/77)/((-4)/322) is divided by 18.
10
Let z be (17/5)/((-4)/(-20)). Let l = -16 + z. What is the remainder when 1 is divided by l?
0
Let m = 8 + -11. Let k = -25 + 13. Let y = m - k. Calculate the remainder when 16 is divided by y.
7
Suppose 0 = 13*s - 107 - 309. What is the remainder when s is divided by 12?
8
Suppose -8*w + 70 = -3*w. Calculate the remainder when 54 is divided by w.
12
Suppose -5*m + 100 = -4*q, 3*q = q - 10. Let f = -45 + 76. Calculate the remainder when f is divided by m.
15
Let v(u) = 6*u - 9. What is the remainder when v(5) is divided by 12?
9
Suppose c = 2*v - 23, 0*v + 5*v - 53 = c. Suppose -18*d + 57 = -15*d. Calculate the remainder when d is divided by v.
9
Suppose 5*p = 5, -4*h + 0*p = p - 21. Calculate the remainder when 8 is divided by h.
3
Let u(y) = -y**3 + 9*y**2 - 6*y + 1. Let m be u(8). Suppose 0 = 3*h - m - 16. Let g(o) = o**2 + o + 32. Calculate the remainder when g(0) is divided by h.
10
Suppose 5*y - 2*p - 110 = 0, -2*y + 5*p - 1 = -45. What is the remainder when 85 is divided by y?
19
Let s(a) = 4 - 1 + 1 + 10*a. Suppose 0 = 4*n - n - 36. Calculate the remainder when s(3) is divided by n.
10
Suppose 9*d = 753 + 534. Calculate the remainder when d is divided by 36.
35
Let l = -4 + 0. Let z be ((-52)/(-3))/(l/(-18)). Suppose -3*x - z = -5*x. Calculate the remainder when x is divided by 14.
11
Suppose -6*y - 31 = -121. Calculate the remainder when y is divided by 8.
7
Let i(m) = m**2 - 12. Let w be i(0). Let f = w + 58. Calculate the remainder when f is divided by 16.
14
What is the remainder when 91 is divided by (28/8)/(-7)*-62?
29
Let u(x) = -x**2 + 16*x - 5. Calculate the remainder when u(11) is divided by 273/14*4/3.
24
Let g = 13 - 8. Let l(u) = -u**3 + u. Let b be l(0). Suppose -g*k + 5 = -b. Calculate the remainder when 2 is divided by k.
0
Let i(p) = 20*p - 7*p - 2*p**2 + p**2 - 5. Calculate the remainder when 72 is divided by i(6).
35
Let c = 235 - 139. Calculate the remainder when 30 is divided by (c/(-9))/((-2)/3).
14
Suppose 0 = -5*d + 2*p + 19, -p + 5*p + 8 = 0. Suppose -2*b + 10 = -b. Let g = b - d. Calculate the remainder when 20 is divided by g.
6
Let s = -1 + 5. Let x(y) = 2*y**3 + 4*y**2 - 3*y + 6. Let j be x(s). Calculate the remainder when 21 is divided by (-2)/5 + j/15.
9
Let z(k) = 8*k - 4. Calculate the remainder when 34 is divided by z(2).
10
Let r(z) = 2*z**2 + 15*z - 17. Calculate the remainder when 17 is divided by r(-9).
7
Let a(i) = -i**3 - i**2 - 3. What is the remainder when a(-5) is divided by 33?
31
Suppose 0 = u + 4*a - 9, u - 4 - 13 = 4*a. Calculate the remainder when 27 is divided by u.
1
Suppose 0 = 5*w, 0 = 4*z - 3*z - w - 30. Suppose -4*m + z = -3*m. Calculate the remainder when m is divided by 11.
8
Let a(i) = 2*i**2 - 1. What is the remainder when 2/7 - (-444)/14 is divided by a(-3)?
15
Let w(r) = -r**3 - 17*r**2 - 16*r + 16. What is the remainder when 94 is divided by w(-16)?
14
Let m be (530/(-40))/(2/(-8)). Let c = 77 - m. What is the remainder when c is divided by 14?
10
Let y(j) = -j + 3. Let a be (33/6)/((-1)/(-2)). Suppose -1 = -v - a. Calculate the remainder when 37 is divided by y(v).
11
Let u = -16 - -30. What is the remainder when 60 is divided by ((-9)/6)/((-1)/u)?
18
Let c(m) = 10*m**2 - 1. Calculate the remainder when c(2) is divided by 19 + -2 - -4*3/(-4).
11
Suppose 222 = 7*m - 4*m. Calculate the remainder when m is divided by 25.
24
Let y(n) = -n**3 - 2*n**2 - 1. Let u = -8 + 5. What is the remainder when (1 - 0)/((-1)/(-22)) is divided by y(u)?
6
Suppose -400 + 76 = n. Let y be 0 - (n/3)/3. Suppose -4*c - y = -3*q, 4*c - 6 = -3*q + 6. What is the remainder when 22 is divided by q?
6
Suppose 5*h + 4 = -2*u, -3*h + 8*h - 3*u = 6. Suppose 5*v - 174 - 6 = h. Calculate the remainder when v is divided by 19.
17
Let s be (-4)/(8/(-10)) + -2. Suppose i + f - 27 = -f, s*i - 85 = -4*f. Calculate the remainder when i is divided by 11.
9
Let y = 30 + -15. Suppose -4*g - 3*l = -185, -g = 2*l - 1 - 49. What is the remainder when g is divided by y?
14
Let g(i) = i**2 - 9*i + 15. What is the remainder when g(8) is divided by 4?
3
Suppose -4 = -3*s - 1. What is the remainder when 32 is divided by 2 - (-2 + (-6 - s))?
10
Suppose 0 = 2*k - k - 41. What is the remainder when k is divided by 1/(4/132*3)?
8
Calculate the remainder when 1/2 - (-1)/2 is divided by 1.
0
Let x be (-136)/(-4) + -1 - -3. Let p = x + -17. Calculate the remainder when p is divided by 4/2*(-14)/(-4).
5
Suppose -3*r = -4*r + 4. Suppose 0*g + 232 = r*g. What is the remainder when g is divided by 15?
13
Let w = 192 + -75. What is the remainder when w is divided by 15?
12
Let s = -2 + 7. Let v(p) = p**2 - 5*p + 4. What is the remainder when 11 is divided by v(s)?
3
Let m(n) = n**2 - n + 1. Let v be m(3). Let s = -8 - v. Let u = -7 - s. Calculate the remainder when 29 is divided by u.
5
Calculate the remainder when 68 is divided by 0 + 5 + 1 - -4.
8
Suppose -3*j + j + 36 = 0. Calculate the remainder when 105*(-2)/18*-6 is divided by j.
16
Suppose 34 = 4*w + 2. Calculate the remainder when 13 is divided by w.
5
Suppose a + w = -a + 7, -2*a - 3*w + 9 = 0. Let b = -3 + 4. Suppose 4 = a*g + b. What is the remainder when 1 is divided by g?
0
Suppose 5*w + 47 = -2*p, 4*w + 160 = 4*p - 9*p. Let v be (-1 + -2)/(6/(-188)). Let h = p + v. Calculate the remainder when h is divided by 20.
18
Let q(u) = 4*u**2 - 4*u + 2. What is the remainder when 50 is divided by q(3)?
24
Let q = -1 - -17. What is the remainder when 45 is divided by q?
13
Let o = -28 - -46. Suppose -3*v - 2*u = 3*u - 20, u - 8 = -v. Calculate the remainder when o is divided by v.
8
Suppose 0*d - d = 0. Suppose c = -d*c + 5. Suppose 0 = c*l - u - 20, u - 5 = l - u. What is the remainder when 12 is divided by l?
2
Let m be (-3)/((-18)/(-4))*3. Let z(j) = -j**3 + 3*j + 14*j**2 - 12*j**2 + 0*j. Calculate the remainder when 18 is divided by z(m).
8
Suppose 0 = -r - 3*a - 33, -19 = -4*r - 3*a - 115. Let y = r - -37. Suppose 188 = -2*x + 6*x. What is the remainder when x is divided by y?
15
Let t = 11 - 1. Suppose r + 5*v = -0*r + 32, 0 = v + 1. Calculate the remainder when r is divided by t.
7
Suppose 0 = -2*v + 29 + 51. Let x(l) be the second derivative of l**3/3 - 2*l**2 - 4*l. Calculate the remainder when v is divided by x(9).
12
Let b(p) = -6*p + 176. Calculate the remainder when (-58)/(-2) - 0/(-3) is divided by b(28).
5
Let t = -11 - -26. Calculate the remainder when 44 is divided by t.
1